he remainder when 3844 is divided by 383?
14
Calculate the remainder when 2124 is divided by 905.
314
Calculate the remainder when 49195 is divided by 28.
27
Calculate the remainder when 128489 is divided by 39.
23
What is the remainder when 6686 is divided by 1663?
34
Calculate the remainder when 21683 is divided by 1166.
695
What is the remainder when 2539 is divided by 84?
19
What is the remainder when 9661 is divided by 113?
56
What is the remainder when 43851 is divided by 8767?
16
Calculate the remainder when 2078 is divided by 129.
14
Calculate the remainder when 1450 is divided by 333.
118
Calculate the remainder when 65035 is divided by 12.
7
Calculate the remainder when 11253366 is divided by 14.
12
Calculate the remainder when 6568 is divided by 193.
6
Calculate the remainder when 10089 is divided by 277.
117
Calculate the remainder when 20247 is divided by 4981.
323
Calculate the remainder when 20272 is divided by 10.
2
What is the remainder when 24132 is divided by 3396?
360
Calculate the remainder when 16478 is divided by 1820.
98
Calculate the remainder when 109361 is divided by 217.
210
Calculate the remainder when 2185 is divided by 121.
7
Calculate the remainder when 9383 is divided by 9353.
30
What is the remainder when 26019 is divided by 5203?
4
What is the remainder when 1060 is divided by 597?
463
What is the remainder when 46309 is divided by 56?
53
Calculate the remainder when 136068 is divided by 7161.
9
Calculate the remainder when 229786 is divided by 117.
115
What is the remainder when 226801 is divided by 82?
71
Calculate the remainder when 31666 is divided by 26.
24
Calculate the remainder when 69394 is divided by 349.
292
What is the remainder when 32490 is divided by 2498?
16
What is the remainder when 13245 is divided by 58?
21
What is the remainder when 49291 is divided by 1699?
20
What is the remainder when 6185 is divided by 114?
29
What is the remainder when 80981 is divided by 15?
11
Calculate the remainder when 6551 is divided by 237.
152
Calculate the remainder when 539 is divided by 185.
169
Calculate the remainder when 5167 is divided by 860.
7
Calculate the remainder when 1604 is divided by 393.
32
Calculate the remainder when 4263 is divided by 129.
6
What is the remainder when 9317 is divided by 4652?
13
Calculate the remainder when 620 is divided by 76.
12
What is the remainder when 322 is divided by 215?
107
Calculate the remainder when 1141 is divided by 14.
7
Calculate the remainder when 27559 is divided by 26.
25
Calculate the remainder when 368623 is divided by 30718.
7
Calculate the remainder when 8041 is divided by 37.
12
Calculate the remainder when 5084 is divided by 450.
134
What is the remainder when 865624 is divided by 193?
19
What is the remainder when 16270 is divided by 203?
30
What is the remainder when 16351 is divided by 237?
235
What is the remainder when 7526 is divided by 1040?
246
Calculate the remainder when 20292 is divided by 3373.
54
What is the remainder when 30499 is divided by 7580?
179
What is the remainder when 3734 is divided by 1858?
18
Calculate the remainder when 159961 is divided by 406.
403
Calculate the remainder when 293905 is divided by 73475.
5
Calculate the remainder when 217017 is divided by 26.
21
What is the remainder when 9833 is divided by 8?
1
Calculate the remainder when 14523 is divided by 53.
1
Calculate the remainder when 10681 is divided by 1209.
1009
What is the remainder when 17462 is divided by 4362?
14
Calculate the remainder when 5960 is divided by 2964.
32
What is the remainder when 7104 is divided by 887?
8
What is the remainder when 892202 is divided by 4331?
16
Calculate the remainder when 3582382 is divided by 1058.
1052
What is the remainder when 41238 is divided by 10284?
102
What is the remainder when 14487 is divided by 18?
15
Calculate the remainder when 12664 is divided by 6.
4
What is the remainder when 10122 is divided by 139?
114
What is the remainder when 35708 is divided by 527?
399
What is the remainder when 52498 is divided by 31?
15
Calculate the remainder when 2498 is divided by 515.
438
What is the remainder when 580 is divided by 81?
13
Calculate the remainder when 873 is divided by 292.
289
Calculate the remainder when 17322 is divided by 99.
96
Calculate the remainder when 163173 is divided by 61.
59
Calculate the remainder when 5647383 is divided by 296.
295
What is the remainder when 2708 is divided by 34?
22
What is the remainder when 648 is divided by 214?
6
What is the remainder when 3274 is divided by 30?
4
What is the remainder when 52273 is divided by 356?
297
Calculate the remainder when 8935 is divided by 2459.
1558
Calculate the remainder when 2817 is divided by 909.
90
Calculate the remainder when 3991 is divided by 200.
191
Calculate the remainder when 493816 is divided by 487.
485
What is the remainder when 19020 is divided by 1096?
388
Calculate the remainder when 34018 is divided by 140.
138
Calculate the remainder when 6406 is divided by 1485.
466
Calculate the remainder when 34962 is divided by 333.
330
Calculate the remainder when 96048 is divided by 236.
232
What is the remainder when 1841 is divided by 370?
361
Calculate the remainder when 4359 is divided by 12.
3
What is the remainder when 31818 is divided by 68?
62
What is the remainder when 5759 is divided by 2876?
7
Calculate the remainder when 32674 is divided by 4083.
10
Calculate the remainder when 4976 is divided by 415.
411
What is the remainder when 4853 is divided by 58?
39
Calculate the remainder when 45417 is divided by 60.
57
Calculate the remainder when 230111 is divided by 16.
15
Calculate the remainder when 79165 is divided by 31.
22
Calculate the remainder when 10192 is divided by 817.
388
What is the remainder when 19163 is divided by 1905?
113
Calculate the remainder when 5250 is divided by 122.
4
What is the remainder when 39165 is divided by 316?
297
What is the remainder when 1796 is divided by 12?
8
Calculate the remainder when 302119 is divided by 40.
39
Calculate the remainder when 1434 is divided by 290.
274
Calculate the remainder when 2002 is divided by 1999.
3
What is the remainder when 4218 is divided by 670?
198
Calculate the remainder when 263645 is divided by 308.
305
Calculate the remainder when 9152 is divided by 4259.
634
What is the remainder when 1843 is divided by 329?
198
What is the remainder when 22513 is divided by 11247?
19
Calculate the remainder when 12260 is divided by 280.
220
What is the remainder when 407 is divided by 83?
75
Calculate the remainder when 58975 is divided by 27.
7
Calculate the remainder when 33979 is divided by 11.
0
What is the remainder when 3952 is divided by 827?
644
Calculate the remainder when 3596 is divided by 80.
76
What is the remainder when 2080 is divided by 1073?
1007
Calculate the remainder when 1057627 is divided by 14.
11
Calculate the remainder when 2390 is divided by 93.
65
Calculate the remainder when 97384 is divided by 362.
6
What is the remainder when 19087 is divided by 367?
3
Calculate the remainder when 2479073 is divided by 826352.
17
What is the remainder when 393 is divided by 179?
35
Calculate the remainder when 2450 is divided by 354.
326
What is the remainder when 7289 is divided by 558?
35
Calculate the remainder when 23914 is divided by 251.
69
Calculate the remainder when 51052 is divided by 7.
1
Calculate the remainder when 29569 is divided by 603.
22
Calculate the remainder when 73802 is divided by 120.
2
Calculate the remainder when 108380 is divided by 649.
646
What is the remainder when 740793 is divided by 55?
53
Calculate the remainder when 128105 is divided by 8540.
5
What is the remainder when 142708 is divided by 87?
28
Calculate the remainder when 7481 is divided by 3713.
55
Calculate the remainder when 79933 is divided by 26640.
13
Calculate the remainder when 198003 is divided by 98996.
11
What is the remainder when 371257 is divided by 16?
9
Calculate the remainder when 3120 is divided by 1586.
1534
Calculate the remainder when 3709 is divided by 554.
385
Calculate the remainder when 51959 is divided by 883.
745
What is the remainder when 224453 is divided by 335?
3
What is the remainder when 42459 is divided by 772?
771
What 